 is da33 - 2c6?
d75c
In base 11, what is 133100 - 332?
132879
In base 14, what is 6343 + 47d?
67c2
In base 14, what is -401ad - -17?
-40196
In base 9, what is 10 - -16547111?
16547121
In base 13, what is 14bb81 - -12?
14bb93
In base 14, what is -248 - -289b6?
2876c
In base 14, what is -5a2 + 32b4d?
3258b
In base 12, what is -602595 + -12?
-6025a7
In base 10, what is -4 + 16331193?
16331189
In base 8, what is 106457775 + -2?
106457773
In base 16, what is -1a + 68432e?
684314
In base 12, what is -73 + -1313?
-1386
In base 16, what is 2fade - 4?
2fada
In base 5, what is -330 - 343312?
-344142
In base 8, what is 164211 - -121?
164332
In base 10, what is 308638 - -87?
308725
In base 2, what is 101 - 100111001100110101101010000?
-100111001100110101101001011
In base 8, what is 1453 - 117751?
-116276
In base 14, what is -323d91 - 4?
-323d95
In base 7, what is 1454 + 2512?
4266
In base 5, what is 11 + -2011431334?
-2011431323
In base 13, what is a97 - 2531?
-1767
In base 3, what is -11000 + -1222201211?
-1222212211
In base 8, what is 402566416 + 1?
402566417
In base 10, what is -1259724 - 5?
-1259729
In base 13, what is -69a - -27730?
27063
In base 9, what is 38535 + 117?
38653
In base 12, what is -5 - 23651426?
-2365142b
In base 2, what is -100010 - 1011110101110110001010?
-1011110101110110101100
In base 10, what is -22441907 - 5?
-22441912
In base 8, what is -1501 - -11737?
10236
In base 11, what is -7 + -1458066?
-1458072
In base 13, what is 0 + 2c48696?
2c48696
In base 15, what is -8a + -20e6?
-2181
In base 5, what is 13220201232 + -13?
13220201214
In base 8, what is 3005 + -6310?
-3303
In base 8, what is 1242 - 504615?
-503353
In base 13, what is -9 - 2323720?
-2323729
In base 11, what is 223 - -249329?
249551
In base 5, what is -1344 - 112042120?
-112044014
In base 12, what is -a353 + 37a6?
-6769
In base 15, what is -3043b9 + 2?
-3043b7
In base 9, what is 4 + 7537550?
7537554
In base 8, what is -5 + 426444?
426437
In base 4, what is 110231313 - 131221?
110100032
In base 3, what is -12021210020 - 12100011?
-12111010101
In base 15, what is 842 - -a5c5?
ae17
In base 4, what is -2220302000132 + 30?
-2220302000102
In base 12, what is -16 + -2b05649?
-2b05663
In base 14, what is -2491 + 13999?
11508
In base 4, what is -3233 - -10313311320?
10313302021
In base 2, what is -1111111110011111001110100111 - -100?
-1111111110011111001110100011
In base 14, what is -4511 + -13c?
-464d
In base 12, what is -97 + -2267b05?
-2267ba0
In base 13, what is 5 + -54c47b?
-54c476
In base 9, what is -102 + -1818816?
-1820018
In base 14, what is -12 + -2db05a?
-2db06c
In base 4, what is 2001032 + 101112?
2102210
In base 16, what is 1 + 20b1ceb?
20b1cec
In base 13, what is 4b0ca1a + -3?
4b0ca17
In base 15, what is -8 + 5c251?
5c248
In base 14, what is 5 + 31459?
31460
In base 14, what is 3 + 486463?
486466
In base 15, what is -2 + -715018d?
-7150190
In base 14, what is -cd6 + -9337?
-a22d
In base 11, what is 5 - -5315400?
5315405
In base 11, what is 331a0 - 3a31?
2a26a
In base 14, what is 7c7a07 - b?
7c79da
In base 7, what is 216 + -106220?
-106001
In base 5, what is -141 - -3322430134?
3322424443
In base 12, what is -38635bb0 + 2?
-38635baa
In base 6, what is -11122431 - -422?
-11122005
In base 11, what is 9a + 266450?
26653a
In base 4, what is -23302023023 + -112?
-23302023201
In base 6, what is 15011 + 2400504?
2415515
In base 8, what is 7402 + -1071?
6311
In base 5, what is -1110433230 + 343?
-1110432332
In base 5, what is -31421 - 10403?
-42324
In base 13, what is ab + 1bc9c8?
1bcaa6
In base 8, what is 502253 + 166?
502441
In base 13, what is -13 - 2815ca4?
-2815cb7
In base 5, what is 11233212 - 1400?
11231312
In base 8, what is -115275572 - 2?
-115275574
In base 16, what is 2280d6 - 1?
2280d5
In base 10, what is -21234 + -274?
-21508
In base 8, what is -7553341161 - 1?
-7553341162
In base 4, what is -21332222 - -303?
-21331313
In base 16, what is 3 - -b921b4?
b921b7
In base 11, what is 1967 + -2000?
-144
In base 4, what is -213212302133 + 2?
-213212302131
In base 16, what is -d3 - -241e8?
24115
In base 8, what is -441503 - -55?
-441426
In base 10, what is 397795 + -42?
397753
In base 14, what is 4 - -bb235b0?
bb235b4
In base 13, what is 6 - -1501668?
1501671
In base 9, what is 2663608 + 362?
2664071
In base 6, what is -5 + -154553323?
-154553332
In base 2, what is 1001100011001010100100010 + 1010?
1001100011001010100101100
In base 12, what is -5204 + -2042?
-7246
In base 14, what is 3616 - -413?
3a29
In base 12, what is -214 + -b63?
-1177
In base 8, what is -145 + -13244172?
-13244337
In base 9, what is 2 - -4835135?
4835137
In base 11, what is 14 + 4999009?
4999022
In base 11, what is 2365a + -4147?
1a513
In base 10, what is 317 + 13817?
14134
In base 11, what is -2a10 + 41?
-297a
In base 10, what is -19337596 - 0?
-19337596
In base 3, what is 10012221102210100201 + -11?
10012221102210100120
In base 6, what is 12204540 + 301?
12205241
In base 5, what is -111 + 12401101434?
12401101323
In base 2, what is -1100010 + 11000000010110000001100?
11000000010101110101010
In base 4, what is -1311312002 - 0?
-1311312002
In base 7, what is -6 + -102152?
-102161
In base 4, what is 13 + -123230231?
-123230212
In base 10, what is 4455 + -179721?
-175266
In base 3, what is -121120121 - 102111102?
-1001002000
In base 11, what is 7 + 14421a2?
14421a9
In base 16, what is 34e - 5fcd?
-5c7f
In base 10, what is -8 + -82602673?
-82602681
In base 15, what is -1478 - 87?
-1510
In base 5, what is -10201011314 + 3?
-10201011311
In base 7, what is -4321656 - 152?
-4322141
In base 9, what is 52 - 57886837?
-57886775
In base 10, what is -208536 + -6?
-208542
In base 3, what is -11121112100 - 120100?
-11122002200
In base 5, what is -44144 - -22220?
-21424
In base 14, what is -791131 - 5?
-791136
In base 16, what is -36 - -9b02a?
9aff4
In base 7, what is -1035044631 + 3?
-1035044625
In base 2, what is 11 - -111101100000110001100001?
111101100000110001100100
In base 16, what is -24b810a - 2?
-24b810c
In base 2, what is 1001001010000111110010 + 1001?
1001001010000111111011
In base 2, what is -110010111001101 - 101000111101010?
-1011011110110111
In base 13, what is 3811168 - -42?
38111aa
In base 12, what is 5885 + 2528?
81b1
In base 5, what is 2023412 - -34?
2024001
In base 12, what is -5523a29 + -1?
-5523a2a
In base 14, what is 6d - -438b3?
43942
In base 6, what is -3 - -4055444420?
4055444413
In base 6, what is -123323 - 1440?
-125203
In base 7, what is 201611 + 2614?
204525
In base 2, what is 101 - -11011111011001000110011110?
11011111011001000110100011
In base 16, what is 13 + -3f0d3?
-3f0c0
In base 3, what is 100200100110 - -111111?
100200211221
In base 15, what is -9ee + -246c5?
-251c4
In base 4, what is 100 + 30233200131?
30233200231
In base 15, what is -8 - -578eb?
578e3
In base 3, what is 1021010002120011021 - -12?
1021010002120011110
In base 6, what is 202552435 + -15?
202552420
In base 15, what is 8aecae - 16?
8aec98
In base 9, what is -315 + -2466518?
-2466834
In base 12, what is 28ba845 - -3?
28ba848
In base 6, what is 4 + -40000022434?
-40000022430
In base 10, what is -801913 + 38?
-801875
In base 9, what is 318463843 - 0?
318463843
In base 2, what is 1101001001000101 - -110100?
1101001001111001
In base 3, what is -120112 + -101121201?
-102012020
In base 7, what is 3135444 - 54?
3135360
In base 10, what is 953457 + 5?
953462
In base 4, what is -12 - -101230032331?
101230032313
In base 4, what is -20303 - -11222130?
11201221
In base 14, what is 40d39c - 31?
40d36b
In base 16, what is 17cda4 + -1?
17cda3
In base 3, what is 101001110 + 20112212?
121121022
In base 14, what is 4 - 1193675?
-1193671
In base 6, what is 15 + 13354513?
13354532
In base 16, what is 2b0a86 + 13?
2b0a99
In base 9, what is -61124575 - 7?
-61124583
In base 5, what is -41413234 + -11?
-41413300
In base 12, what is -8037 + a3ba?
2383
In base 3, what is 10 + -121101210220212210?
-121101210220212200
In base 9, what is 5221 + 2014?
7235
In base 8, what is 4 + 33271237?
33271243
In base 4, what is 120 - 10021330002?
-10021323222
In base 14, what is 75925 - -2b?
75952
In base 6, what is 2 + -4540034?
-4540032
In base 7, what is -3 + -4161322?
-4161325
In base 3, what is 10 + 10210121100110000?
10210121100110010
In base 8